ors of 302.
2, 151
What are the prime factors of 1607?
1607
What are the prime factors of 52110?
2, 3, 5, 193
List the prime factors of 2787.
3, 929
List the prime factors of 108683.
251, 433
List the prime factors of 1081.
23, 47
List the prime factors of 32720.
2, 5, 409
What are the prime factors of 17795?
5, 3559
What are the prime factors of 21802?
2, 11, 991
List the prime factors of 1278.
2, 3, 71
List the prime factors of 936.
2, 3, 13
List the prime factors of 4109.
7, 587
List the prime factors of 11.
11
List the prime factors of 364.
2, 7, 13
What are the prime factors of 4681?
31, 151
List the prime factors of 12524.
2, 31, 101
List the prime factors of 1891.
31, 61
List the prime factors of 661.
661
List the prime factors of 56140.
2, 5, 7, 401
What are the prime factors of 2318?
2, 19, 61
List the prime factors of 2555.
5, 7, 73
What are the prime factors of 1037?
17, 61
List the prime factors of 15749.
15749
List the prime factors of 1077.
3, 359
What are the prime factors of 1868?
2, 467
What are the prime factors of 579?
3, 193
List the prime factors of 5134.
2, 17, 151
What are the prime factors of 431?
431
List the prime factors of 14744.
2, 19, 97
What are the prime factors of 10134?
2, 3, 563
What are the prime factors of 1097?
1097
List the prime factors of 2011.
2011
List the prime factors of 86.
2, 43
What are the prime factors of 13174?
2, 7, 941
What are the prime factors of 776?
2, 97
What are the prime factors of 27482?
2, 7, 13, 151
What are the prime factors of 15?
3, 5
List the prime factors of 5320.
2, 5, 7, 19
List the prime factors of 340.
2, 5, 17
List the prime factors of 4.
2
List the prime factors of 429.
3, 11, 13
What are the prime factors of 5098?
2, 2549
List the prime factors of 5498.
2, 2749
List the prime factors of 2794.
2, 11, 127
List the prime factors of 3262.
2, 7, 233
List the prime factors of 47890.
2, 5, 4789
List the prime factors of 1780.
2, 5, 89
List the prime factors of 2620.
2, 5, 131
What are the prime factors of 30481?
11, 17, 163
List the prime factors of 8859.
3, 2953
What are the prime factors of 40767?
3, 107, 127
What are the prime factors of 2510?
2, 5, 251
List the prime factors of 1894.
2, 947
List the prime factors of 17.
17
What are the prime factors of 1101?
3, 367
What are the prime factors of 24?
2, 3
List the prime factors of 16389.
3, 607
List the prime factors of 56450.
2, 5, 1129
What are the prime factors of 3330?
2, 3, 5, 37
What are the prime factors of 881?
881
List the prime factors of 72352.
2, 7, 17, 19
List the prime factors of 610.
2, 5, 61
What are the prime factors of 73972?
2, 18493
What are the prime factors of 382?
2, 191
What are the prime factors of 7521?
3, 23, 109
What are the prime factors of 1305?
3, 5, 29
List the prime factors of 429.
3, 11, 13
List the prime factors of 1230.
2, 3, 5, 41
List the prime factors of 809.
809
What are the prime factors of 11466?
2, 3, 7, 13
What are the prime factors of 4085?
5, 19, 43
What are the prime factors of 57?
3, 19
List the prime factors of 46975.
5, 1879
List the prime factors of 181.
181
What are the prime factors of 301?
7, 43
What are the prime factors of 3412?
2, 853
List the prime factors of 1251.
3, 139
What are the prime factors of 1357?
23, 59
What are the prime factors of 567?
3, 7
What are the prime factors of 984?
2, 3, 41
List the prime factors of 796.
2, 199
List the prime factors of 26358.
2, 3, 23, 191
What are the prime factors of 1065?
3, 5, 71
List the prime factors of 44559.
3, 4951
What are the prime factors of 185?
5, 37
What are the prime factors of 71565?
3, 5, 13, 367
What are the prime factors of 5240?
2, 5, 131
What are the prime factors of 4447?
4447
List the prime factors of 504.
2, 3, 7
What are the prime factors of 72508?
2, 18127
What are the prime factors of 17260?
2, 5, 863
What are the prime factors of 78610?
2, 5, 7, 1123
What are the prime factors of 1684?
2, 421
What are the prime factors of 1342?
2, 11, 61
List the prime factors of 32002.
2, 16001
What are the prime factors of 4804?
2, 1201
What are the prime factors of 42781?
179, 239
List the prime factors of 1658.
2, 829
List the prime factors of 13981.
11, 31, 41
List the prime factors of 18394.
2, 17, 541
What are the prime factors of 4005?
3, 5, 89
What are the prime factors of 18?
2, 3
List the prime factors of 637.
7, 13
List the prime factors of 3090.
2, 3, 5, 103
List the prime factors of 96027.
3, 32009
What are the prime factors of 1470?
2, 3, 5, 7
List the prime factors of 2694.
2, 3, 449
List the prime factors of 4703.
4703
List the prime factors of 1143.
3, 127
List the prime factors of 57856.
2, 113
List the prime factors of 607.
607
What are the prime factors of 10432?
2, 163
List the prime factors of 11699.
11699
List the prime factors of 59309.
127, 467
List the prime factors of 18752.
2, 293
What are the prime factors of 50530?
2, 5, 31, 163
List the prime factors of 56577.
3, 18859
What are the prime factors of 31147?
31147
What are the prime factors of 315?
3, 5, 7
What are the prime factors of 439?
439
What are the prime factors of 2158?
2, 13, 83
What are the prime factors of 1638?
2, 3, 7, 13
What are the prime factors of 559?
13, 43
What are the prime factors of 5862?
2, 3, 977
What are the prime factors of 10366?
2, 71, 73
List the prime factors of 2830.
2, 5, 283
What are the prime factors of 2204?
2, 19, 29
What are the prime factors of 20113?
20113
What are the prime factors of 1178?
2, 19, 31
List the prime factors of 202110.
2, 3, 5, 6737
List the prime factors of 39.
3, 13
What are the prime factors of 5167?
5167
What are the prime factors of 1019?
1019
List the prime factors of 3987.
3, 443
List the prime factors of 254.
2, 127
What are the prime factors of 1080?
2, 3, 5
What are the prime factors of 89212?
2, 22303
What are the prime factors of 5034?
2, 3, 839
What are the prime factors of 10961?
97, 113
What are the prime factors of 33840?
2, 3, 5, 47
List the prime factors of 2273.
2273
What are the prime factors of 116?
2, 29
List the prime factors of 25060.
2, 5, 7, 179
List the prime factors of 26421.
3, 8807
What are the prime factors of 5689?
5689
What are the prime factors of 4615?
5, 13, 71
What are the prime factors of 4052?
2, 1013
List the prime factors of 12046.
2, 19, 317
List the prime factors of 5452.
2, 29, 47
List the prime factors of 18735.
3, 5, 1249
What are the prime factors of 954?
2, 3, 53
What are the prime factors of 1767?
3, 19, 31
What are the prime factors of 79907?
79907
What are the prime factors of 44178?
2, 3, 37, 199
List the prime factors of 6796.
2, 1699
What are the prime factors of 3695?
5, 739
List the prime factors of 1639.
11, 149
List the prime factors of 17837.
17837
What are the prime factors of 63?
3, 7
List the prime factors of 171985.
5, 11, 53, 59
What are the prime factors of 11434?
2, 5717
List the prime factors of 23598.
2, 3, 19, 23
List the prime factors of 3233.
53, 61
List the prime factors of 34653.
3, 11551
What are the prime factors of 8927?
79, 113
List the prime factors of 4390.
2, 5, 439
List the prime factors of 18973.
18973
List the prime factors of 37469.
89, 421
What are the prime factors of 1020?
2, 3, 5, 17
List the prime factors of 745.
5, 149
List the prime factors of 17752.
2, 7, 317
List the prime factors of 3486.
2, 3, 7, 83
What are the prime factors of 8134?
2, 7, 83
List the prime factors of 24142.
2, 12071
What are the prime factors of 319?
11, 29
What are the prime factors of 7056?
2, 3, 7
List the prime factors of 46844.
2, 7, 239
List the prime factors of 20269.
20269
What are the prime factors of 1215?
3, 5
What are the prime factors of 2036?
2, 509
What are the prime factors of 36220?
2, 5, 1811
List the prime factors of 3151.
23, 137
What are the prime factors of 30676?
2, 7669
List the prime factors of 71.
71
What are the prime factors of 60123?
3, 7, 409
List the prime factors of 8230.
2, 5, 823
What are the prime factors of 3248?
2, 7, 29
List the prime factors of 1394.
2, 17, 41
What are the prime factors of 8186?
2, 4093
List the prime factors of 257.
257
What are the prime factors of 26880?
2, 3, 5, 7
What are the prime factors of 2754?
2, 3, 17
List the prime factors of 43701.
3, 7, 2081
Lis